der when 34 is divided by p.
4
Suppose -t + 9 = g, -g - 26 = -4*t + 15. What is the remainder when (0 - -1) + 32 - 12/3 is divided by t?
9
Suppose 2*b + 42 = 104. What is the remainder when b is divided by 11*((-4)/(-2) + -1)?
9
Let j = 37 + -19. Let k = 14 + j. What is the remainder when k is divided by 11?
10
What is the remainder when (-11)/(3 - 48/15) is divided by 14?
13
Calculate the remainder when (6/5)/((-6)/(-600)) is divided by 41.
38
Suppose -5*y - 30 = -5*g, 4*y = -12*g + 14*g - 16. What is the remainder when 19 is divided by g?
3
Let l(d) = -d**2 - 9*d + 7. Let a be l(-10). Let h be ((-21)/(-6) + a)*12. Suppose h - 21 = -5*i. Calculate the remainder when i is divided by 1.
0
Let h = -34 + 47. What is the remainder when 51 is divided by h?
12
Let y(c) = -4*c**3 - 4*c**3 - 4*c - 1 - c**2 + 2*c. Calculate the remainder when 21 is divided by y(-1).
5
Let i(a) = -7*a - 45. Calculate the remainder when i(-17) is divided by 15.
14
Let m = -7 - -9. Suppose m*b = -2*b. Let p(n) = -n**3 - n**2 + 4. What is the remainder when 10 is divided by p(b)?
2
Let n(j) = 20*j - 178. Suppose -4*q = -27 - 5. What is the remainder when n(10) is divided by q?
6
Let x be -75*1*6/9. Let d = -5 - x. Calculate the remainder when d is divided by ((-6)/3 - 14)*-1.
13
Suppose -11*z - 28 = -13*z. Calculate the remainder when 51 is divided by z.
9
Suppose -2*f - 5*f = -154. What is the remainder when 40 is divided by f?
18
Let t be (-2)/(-8) + 485/(-4). Let m be (-2)/3 + t/3. Let y = -27 - m. Calculate the remainder when 26 is divided by y.
12
Suppose 3*n - 2*m = -3, -n = -4*n + m. Calculate the remainder when n is divided by 1.
0
Suppose -4*d + 92 = -0*d. Calculate the remainder when 66 is divided by d.
20
Calculate the remainder when 45 is divided by 2/(-24)*-4*48.
13
Let r(q) = -2*q**2 - 12*q - 7. Let c be r(-5). Suppose -c*f + f = -26. What is the remainder when 49 is divided by f?
10
Calculate the remainder when (-5 + 4)*57/(-3) - 1 is divided by 7.
4
Let y(l) = 6*l**2 - 2. Let j(x) = -x**3 - 8*x**2 - 38*x - 3. What is the remainder when j(-4) is divided by y(-2)?
19
Let o = -22 - -30. Calculate the remainder when 21 is divided by o.
5
What is the remainder when (84/(-18))/((-6)/117) is divided by 23?
22
Calculate the remainder when 0/1 - (1 - 24) is divided by 7 + (2 + -1)*-1.
5
Calculate the remainder when (20/30)/(3/(63/2)) is divided by 1.
0
Suppose 3*s = 5*h - 130, 0 = -h - 2*s - 0*s + 26. What is the remainder when 101 is divided by h?
23
Suppose 73 + 7 = 4*b. Calculate the remainder when (-5)/b - 514/(-8) is divided by 13.
12
Suppose 0 = 3*k + 15 - 63. Suppose 3*f = 7 + 20. Calculate the remainder when k is divided by f.
7
Let r be (16/(-20))/((-4)/10). Let d = r - -1. Suppose 2*o + o = -3*h + 69, -d*o + 5*h = -29. Calculate the remainder when o is divided by 7.
4
Let i(p) = -2*p + 9. Let a be i(4). Calculate the remainder when (-2)/(-1) + 23 + a is divided by 7.
5
Let z(x) = 11*x - 2. Calculate the remainder when 79 is divided by z(2).
19
Let y be -1*2/((-4)/(-2)). What is the remainder when (0 - y) + (-12)/(-4) is divided by (-1 - -2)/(5/10)?
0
Let b = 4 + -6. Suppose -39 = -2*x + 33. What is the remainder when x is divided by (-26)/4*4/b?
10
What is the remainder when 44 is divided by (-1 + -12)*10/(-10) - 3?
4
Let j(r) = -r - 133. Let v be j(0). Let b = v + 186. What is the remainder when b is divided by 14?
11
Suppose -2*m + 16 = -2. Suppose 4*d - 4*z - 65 = 39, 3*d - 78 = 2*z. Let k = -9 + d. What is the remainder when k is divided by m?
8
Let q = -4 - -4. Suppose -5*h - 75 = -4*s - q*h, s - h = 19. Calculate the remainder when 59 is divided by s.
19
Calculate the remainder when 17 is divided by -1*(-4)/1 + 1.
2
Let n(z) = 2*z**2 + 8*z - 7. Calculate the remainder when n(-8) is divided by 12.
9
Let y(o) = -2*o - 30. What is the remainder when 33 is divided by y(-24)?
15
Let b = -5 + 28. Suppose -b - 17 = -4*l. What is the remainder when 39 is divided by l?
9
Let g(i) = -7*i + 48. Calculate the remainder when 24 is divided by g(5).
11
Calculate the remainder when 84/(-42)*(-41)/2*1 is divided by 22.
19
Let a(w) = w**2 - 6*w + 11. Let t = 12 + -3. Calculate the remainder when a(t) is divided by 8.
6
Let t(i) = 7*i**2 + 4*i**2 + 6 - 4 + 29*i**2 + i. What is the remainder when t(-1) is divided by 11?
8
Let t = 66 - 45. Let a = 20 + t. Calculate the remainder when a is divided by 14.
13
Suppose 102 = 4*r + 6. Suppose -d + 6 = -r. What is the remainder when d is divided by 11?
8
Let v = -21 - -41. Calculate the remainder when 37 is divided by v.
17
What is the remainder when 26 is divided by -3 - -1 - (-51)/(-3)*-1?
11
Let l be (-30)/4*(-4)/6. Let x(t) = 2*t**2 - 9*t - 6. Let j be x(-6). Suppose -j = -l*r - 25. Calculate the remainder when r is divided by 7.
5
Let o be ((-32)/(-6))/(6/27). Let u = o + -1. What is the remainder when u is divided by 12?
11
Let v = 18 + -28. Let m = v - -11. What is the remainder when 3 is divided by m?
0
Suppose -15 = -p - 9. What is the remainder when 16 is divided by p?
4
Suppose 2*j + 4*n = 20, 29 = 2*j + n - 0. Calculate the remainder when 31 is divided by j.
15
Suppose s - 2 = 2, -2*t + 4 = -2*s. Suppose -12 = -t*q + 48. Calculate the remainder when 28 is divided by q.
8
Suppose 0 = -5*g + 64 + 581. What is the remainder when g is divided by 11?
8
Let z be (2/6)/((-4)/(-84)). Let u(j) = -j**3 + 8*j**2 - 6*j + 8. Let m(s) = -3*s + 3. Calculate the remainder when u(z) is divided by m(-1).
3
Let y(x) = -21*x**3 + 2*x**2 + x. Let h be y(-1). Let f = h - 8. What is the remainder when 54 is divided by f?
12
Let n be (-3)/9 - (-25)/3. Suppose f - n = -3*f. Calculate the remainder when 4 is divided by f.
0
Suppose -13 = -2*v + 4*q - 5, 0 = 3*v + 5*q - 12. What is the remainder when 7 is divided by v?
3
Suppose 6*c - 7*c = -43. Calculate the remainder when 83 is divided by c.
40
Let n = 1 - -6. Suppose -2*x - 15 = -n*x. Calculate the remainder when x is divided by 2.
1
Let o be (1/3)/((-6)/(-18)). Let v(x) = -x**2 - x + 10. What is the remainder when v(0) is divided by 13/4 - o/4?
1
Let p = -5 + 17. Suppose -3*q = q - p. Let w = 9 + 1. Calculate the remainder when w is divided by q.
1
Suppose -4*g + 0 - 4 = 0. Let v be (212 - g)/(6/4). What is the remainder when v/6 - (-2)/(-3) is divided by 12?
11
Let g be 8/10*5/1. Let s = 194 + -129. Suppose -v - g*v + s = 0. Calculate the remainder when 37 is divided by v.
11
Let y(t) = 1 + 3 - 11 + 8*t. Calculate the remainder when y(5) is divided by 17.
16
Let h(q) = 3*q - 3. Let p be h(2). Calculate the remainder when 27 is divided by 1/p - (-132)/9.
12
Suppose -3*m - 48 = -7*m. What is the remainder when m is divided by 5?
2
Let x be 34/(-3) - 2/3. Let k = x + 14. What is the remainder when 3 is divided by k?
1
Suppose 0*z = 2*z - 68. What is the remainder when z is divided by 18?
16
What is the remainder when 169 + 1 + 2 + (2 - 5) is divided by 43?
40
Suppose 2 = -2*v + 12. Suppose 4*b = 15 + 33. What is the remainder when b is divided by v?
2
Suppose 8*f + 15 = 13*f. Let j(r) = -r**3 + 3*r**2 + r + 1. What is the remainder when 11 is divided by j(f)?
3
Let b(k) = 2*k - 8. Let q(z) = z + 5. Calculate the remainder when q(5) is divided by b(7).
4
Let h(q) = q**3 + 8*q**2 + 7*q + 3. Let r be h(-7). What is the remainder when 54 is divided by (-1 - -5 - r) + 27?
26
Suppose 4*t = -5*x + 61, t + t - 5*x = -7. Calculate the remainder when 25 is divided by t.
7
Let t = 41 + -34. What is the remainder when 18 is divided by t?
4
Suppose -t = t - 12. Suppose 4*r = l - 16, -t - 45 = -4*l + 3*r. What is the remainder when -4*(2 + (-39)/l) is divided by 2?
1
Let m(o) = -5*o + 3. Let x(v) = 21*v - 17. What is the remainder when x(4) is divided by m(-4)?
21
Let y(u) be the third derivative of 1/30*u**5 + 0*u + 0 + 1/3*u**3 + 0*u**4 - 2*u**2. Calculate the remainder when 28 is divided by y(2).
8
Let y = -13 - -20. Let i = 15 - y. Calculate the remainder when 15 is divided by i.
7
Let v be 14/4 - 1/2. What is the remainder when 51 is divided by 3/((9/13)/v)?
12
Let i = 6 + -6. Suppose -66 = -3*x - t, 3*x + i*t + 5*t = 54. Calculate the remainder when x is divided by 8.
7
Let l(u) = 2*u + 1. Let t be l(-2). Let r be 4/(-10)*(t + -2). Suppose 78 = 3*o + 3*f, 4*o = -7*f + r*f + 102. What is the re